{"id":14,"date":"2010-04-02T21:16:03","date_gmt":"2010-04-02T20:16:03","guid":{"rendered":"http:\/\/www.neve.at\/bl-renate\/?page_id=14"},"modified":"2023-05-21T14:30:32","modified_gmt":"2023-05-21T13:30:32","slug":"workshops","status":"publish","type":"page","link":"https:\/\/www.neve.at\/renate\/workshops\/","title":{"rendered":"Seminare"},"content":{"rendered":"\n<div class=\"wp-block-columns alignwide is-layout-flex wp-container-2\">\n<div class=\"wp-block-column is-layout-flow\">\n<h5 class=\"wp-block-heading\"><strong>3Tage<\/strong> <strong>Seminar <\/strong>&#8222;Panta rhei &#8211; alles flie\u00dft&#8220; in <strong>St. Arbogast<\/strong> <strong>oder<\/strong> <strong>in Kloster Gwiggen<\/strong><\/h5>\n\n\n\n<figure class=\"wp-block-image size-full\"><img decoding=\"async\" loading=\"lazy\" width=\"368\" height=\"142\" src=\"https:\/\/www.neve.at\/renate\/wp-content\/uploads\/2023\/05\/Arbogast2.jpg\" alt=\"\" class=\"wp-image-1832\" srcset=\"https:\/\/www.neve.at\/renate\/wp-content\/uploads\/2023\/05\/Arbogast2.jpg 368w, https:\/\/www.neve.at\/renate\/wp-content\/uploads\/2023\/05\/Arbogast2-300x116.jpg 300w\" sizes=\"(max-width: 368px) 100vw, 368px\" \/><\/figure>\n\n\n\n<p>Das Seminar <strong>&#8222;Panta Rhei&#8220;<\/strong> ist reservierte Zeit f\u00fcr Sie und bietet Raum f\u00fcr die Begegnung mit Ihrer eigenen Pers\u00f6nlichkeit. Bewusst r\u00fccken wir in diesen Tagen uns und unsere Bed\u00fcrfnisse in den Mittelpunkt:<\/p>\n\n\n\n<p><strong>Begegnen<\/strong>&nbsp;\u2013 heute besuche ich mich, hoffentlich bin ich zu Hause.<\/p>\n\n\n\n<p class=\"has-text-align-left\"><strong>Erkennen<\/strong>&nbsp;\u2013 wende dein Gesicht der Sonne zu, dann fallen die Schatten hinter dich.<\/p>\n\n\n\n<p><strong>Loslassen<\/strong>&nbsp;\u2013 dem Leben liebevoll eine neue Richtung geben.<\/p>\n\n\n\n<p><strong>Vertiefen<\/strong>&nbsp;\u2013 Vertrauen ausbauen in mein neues Ich.<\/p>\n\n\n\n<p>Wir nehmen wahr, dass K\u00f6rper, Geist und Seele zusammenspielen. Oft in harmonischem Einklang, manchmal sich st\u00e4ndig ver\u00e4ndernd und herausfordernd zugleich, aber stets im Fluss des Lebens. Wir lassen Energien flie\u00dfen, werfen unn\u00fctzen Ballast \u00fcber Bord und verschaffen der Seele Erholung, damit wir unsere pers\u00f6nliche Lebensaufgabe mit neuer Energie (wieder) beginnen k\u00f6nnen. Die liebevoll gestaltete Mischung aus lebensfreudigen Aktivit\u00e4ten und meditativen Ruhephasen sind Schritte auf einem neuen Weg zu sich selbst.<\/p>\n<\/div>\n<\/div>\n\n\n\n<div class=\"wp-block-columns alignwide is-layout-flex wp-container-4\">\n<div class=\"wp-block-column is-layout-flow\">\n<h5 class=\"wp-block-heading\"><strong>3Tage Seminar <\/strong>&#8222;Positiv durchstarten&#8220; <strong>auf der Bielerh\u00f6he<\/strong><\/h5>\n\n\n\n<figure class=\"wp-block-image size-full\"><img decoding=\"async\" loading=\"lazy\" width=\"506\" height=\"217\" src=\"https:\/\/www.neve.at\/renate\/wp-content\/uploads\/2022\/04\/639A2046-Pano-2.jpg\" alt=\"\" class=\"wp-image-1629\" srcset=\"https:\/\/www.neve.at\/renate\/wp-content\/uploads\/2022\/04\/639A2046-Pano-2.jpg 506w, https:\/\/www.neve.at\/renate\/wp-content\/uploads\/2022\/04\/639A2046-Pano-2-300x129.jpg 300w\" sizes=\"(max-width: 506px) 100vw, 506px\" \/><\/figure>\n\n\n\n<p><em>Eine besondere Zeit der aktiven Entspannung inmitten der wundersch\u00f6nen Bergkulisse unter dem Piz Buin.<\/em><br \/><br \/><strong>DIE SEMINARSCHWERPUNKTE:<\/strong><\/p>\n\n\n\n<ul>\n<li>Selbstbewusstsein st\u00e4rken \u2013 welche Gedanken und Gef\u00fchle hemmen mich und welche befl\u00fcgeln mich.<\/li>\n\n\n\n<li>Die Leistungsf\u00e4higkeit meiner Gedanken maximal steuern und nutzen.<\/li>\n\n\n\n<li>Wie kann ich meine energetischen M\u00f6glichkeiten und damit meine Lebensfreude bedeutend verbessern?<\/li>\n\n\n\n<li>Durch Loslassen und positives Denken unserem Leben eine neue Richtung geben.<\/li>\n<\/ul>\n\n\n\n<p>Im Mittelpunkt in diesen Tagen steht die Kraft des positiven Denkens als Dauerladequelle f\u00fcr unsere Alltagsbatterie.<\/p>\n<\/div>\n<\/div>\n\n\n\n<div class=\"wp-block-columns alignwide is-layout-flex wp-container-6\">\n<div class=\"wp-block-column is-layout-flow\">\n<h5 class=\"wp-block-heading\"><strong>Workshop &#8222;SELBST-BEWUSST-SEIN&#8220;<\/strong><\/h5>\n\n\n\n<figure class=\"wp-block-image size-full\"><img decoding=\"async\" loading=\"lazy\" width=\"386\" height=\"217\" src=\"https:\/\/www.neve.at\/renate\/wp-content\/uploads\/2022\/04\/IMG_0559-1.jpg\" alt=\"\" class=\"wp-image-1636\" srcset=\"https:\/\/www.neve.at\/renate\/wp-content\/uploads\/2022\/04\/IMG_0559-1.jpg 386w, https:\/\/www.neve.at\/renate\/wp-content\/uploads\/2022\/04\/IMG_0559-1-300x169.jpg 300w\" sizes=\"(max-width: 386px) 100vw, 386px\" \/><\/figure>\n\n\n\n<p>Meine Workshops haben zum Hauptziel unser Selbst bewusster zu erleben und damit unser Selbstbewusstsein zu st\u00e4rken, sodass wir viele Alltagsprobleme leichter bew\u00e4ltigen k\u00f6nnen!<\/p>\n\n\n\n<p>Durch den Einbau von schauspielerische \u00dcbungen und Szenen st\u00e4rken wir Teamgeist, schulen wir Konfliktf\u00e4higkeit und f\u00f6rdern wir unsere soziale und emotionale Kompetenz. Ich biete Ihnen die M\u00f6glichkeit, sich auszuprobieren, in andere Rollen zu schl\u00fcpfen und w\u00e4hrend der Arbeit &#8211; mit sehr viel Spa\u00df &#8211; viel \u00fcber sich selbst zu erfahren. Und das nicht zuletzt als herausfordernde Alternative zu unserem t\u00e4glichen Stress mit Job, Computer, Fernsehen und Internet.<\/p>\n<\/div>\n<\/div>\n\n\n\n<p><\/p>\n","protected":false},"excerpt":{"rendered":"<p>3Tage Seminar &#8222;Panta rhei &#8211; alles flie\u00dft&#8220; in St. Arbogast oder in Kloster Gwiggen Das Seminar &#8222;Panta Rhei&#8220; ist reservierte Zeit f\u00fcr Sie und bietet Raum f\u00fcr die Begegnung mit Ihrer eigenen Pers\u00f6nlichkeit. Bewusst r\u00fccken wir in diesen Tagen uns und unsere Bed\u00fcrfnisse in den Mittelpunkt: Begegnen&nbsp;\u2013 heute besuche ich mich, hoffentlich bin ich zu [&hellip;]<\/p>\n","protected":false},"author":1,"featured_media":0,"parent":0,"menu_order":2,"comment_status":"closed","ping_status":"closed","template":"","meta":[],"_links":{"self":[{"href":"https:\/\/www.neve.at\/renate\/wp-json\/wp\/v2\/pages\/14"}],"collection":[{"href":"https:\/\/www.neve.at\/renate\/wp-json\/wp\/v2\/pages"}],"about":[{"href":"https:\/\/www.neve.at\/renate\/wp-json\/wp\/v2\/types\/page"}],"author":[{"embeddable":true,"href":"https:\/\/www.neve.at\/renate\/wp-json\/wp\/v2\/users\/1"}],"replies":[{"embeddable":true,"href":"https:\/\/www.neve.at\/renate\/wp-json\/wp\/v2\/comments?post=14"}],"version-history":[{"count":45,"href":"https:\/\/www.neve.at\/renate\/wp-json\/wp\/v2\/pages\/14\/revisions"}],"predecessor-version":[{"id":1834,"href":"https:\/\/www.neve.at\/renate\/wp-json\/wp\/v2\/pages\/14\/revisions\/1834"}],"wp:attachment":[{"href":"https:\/\/www.neve.at\/renate\/wp-json\/wp\/v2\/media?parent=14"}],"curies":[{"name":"wp","href":"https:\/\/api.w.org\/{rel}","templated":true}]}}

<div class="wp-block-columns alignwide is-layout-flex wp-container-2">
<div class="wp-block-column is-layout-flow">
<h5 class="wp-block-heading"><strong>3Tage</strong> <strong>Seminar </strong>&#8222;Panta rhei &#8211; alles fließt&#8220; in <strong>St. Arbogast</strong> <strong>oder</strong> <strong>in Kloster Gwiggen</strong></h5>



<figure class="wp-block-image size-full"><img decoding="async" loading="lazy" width="368" height="142" src="https://www.neve.at/renate/wp-content/uploads/2023/05/Arbogast2.jpg" alt="" class="wp-image-1832" srcset="https://www.neve.at/renate/wp-content/uploads/2023/05/Arbogast2.jpg 368w, https://www.neve.at/renate/wp-content/uploads/2023/05/Arbogast2-300x116.jpg 300w" sizes="(max-width: 368px) 100vw, 368px" /></figure>



<p>Das Seminar <strong>&#8222;Panta Rhei&#8220;</strong> ist reservierte Zeit für Sie und bietet Raum für die Begegnung mit Ihrer eigenen Persönlichkeit. Bewusst rücken wir in diesen Tagen uns und unsere Bedürfnisse in den Mittelpunkt:</p>



<p><strong>Begegnen</strong>&nbsp;– heute besuche ich mich, hoffentlich bin ich zu Hause.</p>



<p class="has-text-align-left"><strong>Erkennen</strong>&nbsp;– wende dein Gesicht der Sonne zu, dann fallen die Schatten hinter dich.</p>



<p><strong>Loslassen</strong>&nbsp;– dem Leben liebevoll eine neue Richtung geben.</p>



<p><strong>Vertiefen</strong>&nbsp;– Vertrauen ausbauen in mein neues Ich.</p>



<p>Wir nehmen wahr, dass Körper, Geist und Seele zusammenspielen. Oft in harmonischem Einklang, manchmal sich ständig verändernd und herausfordernd zugleich, aber stets im Fluss des Lebens. Wir lassen Energien fließen, werfen unnützen Ballast über Bord und verschaffen der Seele Erholung, damit wir unsere persönliche Lebensaufgabe mit neuer Energie (wieder) beginnen können. Die liebevoll gestaltete Mischung aus lebensfreudigen Aktivitäten und meditativen Ruhephasen sind Schritte auf einem neuen Weg zu sich selbst.</p>
</div>
</div>



<div class="wp-block-columns alignwide is-layout-flex wp-container-4">
<div class="wp-block-column is-layout-flow">
<h5 class="wp-block-heading"><strong>3Tage Seminar </strong>&#8222;Positiv durchstarten&#8220; <strong>auf der Bielerhöhe</strong></h5>



<figure class="wp-block-image size-full"><img decoding="async" loading="lazy" width="506" height="217" src="https://www.neve.at/renate/wp-content/uploads/2022/04/639A2046-Pano-2.jpg" alt="" class="wp-image-1629" srcset="https://www.neve.at/renate/wp-content/uploads/2022/04/639A2046-Pano-2.jpg 506w, https://www.neve.at/renate/wp-content/uploads/2022/04/639A2046-Pano-2-300x129.jpg 300w" sizes="(max-width: 506px) 100vw, 506px" /></figure>



<p><em>Eine besondere Zeit der aktiven Entspannung inmitten der wunderschönen Bergkulisse unter dem Piz Buin.</em><br /><br /><strong>DIE SEMINARSCHWERPUNKTE:</strong></p>



<ul>
<li>Selbstbewusstsein stärken – welche Gedanken und Gefühle hemmen mich und welche beflügeln mich.</li>



<li>Die Leistungsfähigkeit meiner Gedanken maximal steuern und nutzen.</li>



<li>Wie kann ich meine energetischen Möglichkeiten und damit meine Lebensfreude bedeutend verbessern?</li>



<li>Durch Loslassen und positives Denken unserem Leben eine neue Richtung geben.</li>
</ul>



<p>Im Mittelpunkt in diesen Tagen steht die Kraft des positiven Denkens als Dauerladequelle für unsere Alltagsbatterie.</p>
</div>
</div>



<div class="wp-block-columns alignwide is-layout-flex wp-container-6">
<div class="wp-block-column is-layout-flow">
<h5 class="wp-block-heading"><strong>Workshop &#8222;SELBST-BEWUSST-SEIN&#8220;</strong></h5>



<figure class="wp-block-image size-full"><img decoding="async" loading="lazy" width="386" height="217" src="https://www.neve.at/renate/wp-content/uploads/2022/04/IMG_0559-1.jpg" alt="" class="wp-image-1636" srcset="https://www.neve.at/renate/wp-content/uploads/2022/04/IMG_0559-1.jpg 386w, https://www.neve.at/renate/wp-content/uploads/2022/04/IMG_0559-1-300x169.jpg 300w" sizes="(max-width: 386px) 100vw, 386px" /></figure>



<p>Meine Workshops haben zum Hauptziel unser Selbst bewusster zu erleben und damit unser Selbstbewusstsein zu stärken, sodass wir viele Alltagsprobleme leichter bewältigen können!</p>



<p>Durch den Einbau von schauspielerische Übungen und Szenen stärken wir Teamgeist, schulen wir Konfliktfähigkeit und fördern wir unsere soziale und emotionale Kompetenz. Ich biete Ihnen die Möglichkeit, sich auszuprobieren, in andere Rollen zu schlüpfen und während der Arbeit &#8211; mit sehr viel Spaß &#8211; viel über sich selbst zu erfahren. Und das nicht zuletzt als herausfordernde Alternative zu unserem täglichen Stress mit Job, Computer, Fernsehen und Internet.</p>
</div>
</div>



<p></p>

<p>3Tage Seminar &#8222;Panta rhei &#8211; alles fließt&#8220; in St. Arbogast oder in Kloster Gwiggen Das Seminar &#8222;Panta Rhei&#8220; ist reservierte Zeit für Sie und bietet Raum für die Begegnung mit Ihrer eigenen Persönlichkeit. Bewusst rücken wir in diesen Tagen uns und unsere Bedürfnisse in den Mittelpunkt: Begegnen&nbsp;– heute besuche ich mich, hoffentlich bin ich zu [&hellip;]</p>
